+ 4 + 0*f**2 + o*f**2. Determine x(3).
7
Suppose -5*v + 18 + 2 = 0. Let h(n) = n - 4 + v*n - 2*n - 1. What is h(4)?
7
Let n(w) = 19*w - 5. Let s(z) = 1. Let j(y) = -n(y) - 4*s(y). Determine j(-1).
20
Let s be (2 - 2)*(4 + -3). Let o(c) = c. What is o(s)?
0
Let w be (5/10)/((-2)/(-32)). Let y be (-2)/w - (-10)/8. Let m(n) be the third derivative of -5*n**4/12 + n**3/6 + 2*n**2. Calculate m(y).
-9
Suppose -5*u + u = 4. Let x(n) = -10*n - n - 4*n. Give x(u).
15
Let d(k) = -k**2 + 2*k + 3. Let c be d(-2). Let j(y) be the third derivative of -y**4/12 - 2*y**3/3 + 21*y**2. Determine j(c).
6
Let g(k) = k**3 - 7*k**2 + 7*k - 8. Let u be g(6). Let c(w) = -w - 4. Let b be c(-4). Let z = b - u. Let l(f) = 3*f. Give l(z).
6
Let b(o) = o**2 + o. Let j(c) = -2*c**2 + 4*c + 1. Let k(d) = 5*b(d) - j(d). Determine k(1).
7
Let x = -15 + 20. Suppose 0*j - x*j - 20 = 0. Let l(o) = o + 1. Calculate l(j).
-3
Let x(l) be the second derivative of l**3/6 - 7*l**2 + 23*l. Calculate x(12).
-2
Let x(c) = -2*c**2 + c + 2. Let j(h) = h - 3. Suppose -2 = -3*p - 2*w, -w = -p - 5*w - 16. Let f = p - -1. Let l be j(f). What is x(l)?
-4
Suppose -1 = 3*j + 3*q + q, -2*j - 10 = 5*q. Let l(g) = g + 2. Determine l(j).
7
Suppose 6 = 4*c - 6*c. Let f be 3 - 4*(-3)/6. Let y(b) = 6 + f*b + 4*b - 7*b - b. Give y(c).
3
Let g(y) = 2*y**2 - 1. Let h = -3 - -5. Suppose -3*w + 6*w + 12 = 0. Let s = w + h. What is g(s)?
7
Let c be ((-6)/12)/((-1)/5). Let l(v) be the second derivative of -2*v - 1/6*v**3 + 0 - c*v**2. Calculate l(5).
-10
Let n(y) = -y**2 + 6*y + 7. Let c be n(7). Let i = 2 + c. Suppose -5*r + i*h - 13 = 0, r - 4*h + h = 0. Let g(p) = p**2 + 2*p + 2. Determine g(r).
5
Suppose 5*r = -3*j - 23, 4*r - 8 - 18 = 5*j. Let p(f) be the second derivative of f**4/12 + 5*f**3/6 + f**2 - 20*f. Determine p(j).
8
Let h be 1 - (0 - -1) - -2. Let i(u) = h*u - 3 + 2*u + u - 6*u. Calculate i(3).
-6
Suppose -x - 2*x + 18 = 0. Let r(v) = v**3 - 7*v**2 + 8*v - 6. What is r(x)?
6
Let j(m) = -2*m + 1. Let d(x) = -6*x + 3. Let q(f) = 2*d(f) - 7*j(f). What is q(-2)?
-5
Suppose 3*i - 131 = -41. Let h be 16/20*i/4. Let m(o) = 3*o - h*o + 0*o. Calculate m(-1).
3
Let c(i) = -3*i**3 + 9*i**2 + 14*i + 7. Let r(d) = 7*d**3 - 18*d**2 - 29*d - 13. Let b(n) = -9*c(n) - 4*r(n). Determine b(-8).
5
Let h be -2 + -4*1/(-2). Let u(w) = -8 - 11*w - 4 + 12*w. Give u(h).
-12
Let r(k) = k**3 + 2*k**2 - k. Let f(h) = 20*h - 4. Let l be f(4). Suppose 2*b + o = -35, b + l = -3*b + 4*o. Let i be (3/(-6))/((-3)/b). Give r(i).
-6
Let v be (-6)/1 + (4 - 0). Let c(m) = 4*m**2 + 1. What is c(v)?
17
Let n be 3/(-18)*3*-14. Let v(o) = -o**2 + 6*o + 7. What is v(n)?
0
Suppose 5*o - 6 = 3*o. Suppose 4*q = -9 - o. Let d(b) = -b**2 - b + 1. What is d(q)?
-5
Let t be (-18)/(-4)*(-4)/(-6). Suppose 5*s + 2*z - 34 = 0, -16 = -t*s + z - 0*z. Let q(h) = h**3 - 7*h**2 + 8*h - 9. Determine q(s).
3
Let m(l) be the third derivative of l**9/60480 - l**8/20160 - l**7/5040 + l**5/20 - 5*l**2. Let f(n) be the third derivative of m(n). Give f(-1).
-1
Let h(n) = 17*n**2 - 3*n + 3. Let u(b) = 25*b**2 - 5*b + 5. Let f(r) = -8*h(r) + 5*u(r). Give f(1).
-11
Let t(r) = r**2 + 2*r. Let n be t(-3). Suppose 1 + n = -k. Let h(b) = b**3 + 5*b**2 + 4*b - 4. Give h(k).
-4
Suppose -5*d + 7*d = 16. Let h(p) = p**2 - 9*p - 2. Calculate h(d).
-10
Suppose 3*g - 3 - 6 = 0. Let x(a) = -a**3 + 4*a**2 - a - 4. Determine x(g).
2
Suppose 5*i - 15 = -5. Let z(f) = -4*f**3 - 2*f**2 + 4*f - 6. Let l(g) = 7*g**3 + 3*g**2 - 8*g + 11. Let a(n) = 3*l(n) + 5*z(n). What is a(i)?
-1
Let u = 1 - 1. Suppose -3*z + 12 = -u. Let b be -1 + z + -1 - -3. Let w(r) = -r. Determine w(b).
-5
Let a(x) = -8*x**3 - 3*x**2 + 6*x**3 - 1 + 6*x - x**2 + x**3. What is a(-5)?
-6
Let w be 4*(-2 + (-20)/(-8)). Let t(z) be the second derivative of 0*z**3 - 2*z**2 - 1/12*z**4 + 0 + w*z. Calculate t(0).
-4
Suppose -20 = 2*t - 4*p, -3*t + 7*p - 4*p - 21 = 0. Let f(c) = -c**2 - 4*c + 5. What is f(t)?
5
Let h(z) = -6*z**2 + 7 - z + 4*z + 0 + z**3. Let i be ((-3)/(-2) + (-4)/1)*-2. What is h(i)?
-3
Let h(p) = p - 8. Let t be 148/18 + 12/(-54). Let i(c) = c**3 - 9*c**2 + 9*c - 8. Let u be i(t). Suppose x = -u*x. Calculate h(x).
-8
Let u(d) be the second derivative of d**5/20 + d**4/3 - 2*d**3/3 + 3*d**2/2 + 7*d. What is u(-5)?
-2
Let p(v) = 5*v. Let i(c) = -c**3 + 4*c**2. Suppose -2*y + 2 + 6 = 0. Let w be i(y). Suppose 2*m + 2 = -w*m. Calculate p(m).
-5
Let s(o) = o - 2. Suppose 2 = 5*h - 0*i - i, 3*h = 4*i + 8. Calculate s(h).
-2
Let b(p) be the first derivative of p**4/2 - p**3/3 + p**2/2 - p + 26. Determine b(2).
13
Let u(k) = -k**2 + 3*k + 13. Let g(t) = 2*t**2 - 3*t - 14. Let d(o) = 5*g(o) + 6*u(o). Let a(j) be the first derivative of d(j). Give a(-2).
-13
Let l(q) = q - 2. Let x be l(1). Let m(r) = r + 1. Let s(i) = -3*i + 2. Let n(d) = x*s(d) - 2*m(d). Let h(y) = y - 1. Let f be h(3). Calculate n(f).
-2
Let y be -1 - (-2 + 0 - 1). Let x(h) = h. Calculate x(y).
2
Let a(o) = 4 - 5 + 11*o - 1 - o**2 - 15*o. Give a(-3).
1
Let x be (-1 - (-8)/12)*-15. Let r(b) = b**3 - 3*b**3 + 4*b**2 + 6 + 3*b + b**3. Determine r(x).
-4
Let i be (-3)/(-9)*18/3. Let c(w) = 0*w - w**2 + 0*w - 5*w + 2*w**2 + i. Give c(5).
2
Let f(d) = 3*d**2 - 17*d - 12. Let v(h) = h**2 - 6*h - 4. Let n(i) = 4*f(i) - 11*v(i). Suppose 5 = -4*c + 1. Let k be 2/c - (-8 - -2). Calculate n(k).
4
Let u(s) = 7*s - 12. Let i(m) = 7*m - 13. Let t(h) = -5*i(h) + 6*u(h). Give t(5).
28
Let f = -53 + 47. Let u(q) = 11 - q + q + q. Calculate u(f).
5
Let t(j) = -3*j**3 - 8*j**2 - 2*j - 1. Let n(h) = 4*h**3 + 9*h**2 + 3*h. Let r(o) = -2*n(o) - 3*t(o). Suppose 2*d = -4*c - 34, d + 23 = -3*c - 0*d. Give r(c).
3
Let k(s) be the second derivative of 0 + 2*s**2 + 1/2*s**3 + 2*s - 1/12*s**4. Give k(4).
0
Let t(v) = 4*v - 3 + 8*v - v**2 - 3*v - 2*v. Let i = 12 + -7. Calculate t(i).
7
Suppose 5*f + 17 = -4*n, 0 = -3*n + 5*f - 4*f - 8. Let j(k) = k. Give j(n).
-3
Let j(z) = z**2 - 6*z + 8. Let l be 6 - (7 - 5) - -2. Calculate j(l).
8
Let b(g) = -2*g - 2. Let p = -2 + 6. Let u(t) = t**2 - 3*t - 1. Let j be u(p). Determine b(j).
-8
Let j(g) be the first derivative of -g**4/4 - 4*g**3/3 + 3*g**2/2 - 2*g - 5. What is j(-5)?
8
Let j = -8 - -14. Let f(m) = -m + 7. Calculate f(j).
1
Let k(b) = -b. Let l = 6 - 4. Let g be ((-3)/l)/((-3)/8). Suppose -g = c - 3*v, -v + 4*v = 3. Determine k(c).
1
Let c(p) = -p**2 + 6*p - 6. Suppose -l + 3 = 4, -2*m = -5*l - 17. Give c(m).
-6
Let o(u) = -u**2. Let q(k) = -4*k + 1. Let d be q(-1). Let p be (-27)/(-5) - 2/d. Let n(b) = -b + 6. Let a be n(p). Determine o(a).
-1
Let f(w) = 4*w - 11 + 17 - 8. What is f(-2)?
-10
Let w(k) = k**3 - 6*k**2 + 6*k. Let d be w(5). Let x be (-9)/(-3) + (-3)/1. Let c(m) = x + 5*m + 6 - 13*m**2 + 12*m**2. Determine c(d).
6
Let l = -1 + -3. Let n(y) be the second derivative of -y**6/120 - y**5/15 - 5*y**3/6 + y**2 + 2*y. Let r(w) be the first derivative of n(w). Give r(l).
-5
Suppose -24 = 2*a + 6*q - q, -3*a - 18 = 3*q. Let j(b) be the first derivative of -b**4/4 - b**3/3 + b**2 + 2*b - 2. Calculate j(a).
2
Let u(p) = 2*p**2 + 8*p. Let t(i) = -2*i**2 - 9*i - 1. Let m(k) = 2*t(k) + 3*u(k). Give m(-5).
18
Let i(x) = -6*x - 23. Let d be i(-4). Let y(k) be the first derivative of k**4/4 - k**3/3 - 1. Give y(d).
0
Let q(p) = -p + 1. Let t = -15 - -22. Let s = t + -2. Give q(s).
-4
Let t(k) = 2*k**2 + 2*k - 7. Let f(w) = -w**2 - w + 7. Let n(u) = -3*f(u) - 2*t(u). Let j = -2 - 3. Let o = j + 5. Give n(o).
-7
Let o(m) = -3 - 7*m**2 - m + 7*m + 0*m**3 + 2*m + m**3. Suppose -10 = 6*l - 8*l. Calculate o(l).
-13
Let g(s) be the first derivative of s**5/60 + s**4/4 + 7*s**3/6 - s**2 - 3. Let f(i) be the second derivative of g(i). Determine f(-5).
2
Let p(q) = 0*q + 3*q**2 + 4 - 3*q - q. Let f(l) = -2*l**2 + 3*l - 4. Let c be (11 - -1)*1/(-3). Let m(t) = c*f(t) - 3*p(t). Give m(0).
4
Let x(r) be the first derivative of r**7/840 - r**6/72 + r**5/60 + r**4/6 - 5*r**3/3 + 8. Let p(l) be the third derivative of x(l). Calculate p(3).
-8
Let n be -2 - (4/2 - 50). Suppose -5*v + 0*u + n = -3*u, -2*u = -2*v + 20. Suppose 8*w - 3*w + d + v = 0, 5*d - 10 = 0. Let y(r) = -r**2 - 2*r - 1. Give y(w).
-1
Suppose -5*c - 3 = -2*c. Let n = c + 3. Let l(j) = 3 - 3*j**n + 0*j**2 + 0 - j**3 + 4*j. What is l(-4)?
3
Let r be 3/(-2)*(-2)/3. Sup